{"id":205131,"date":"2017-07-07T15:07:38","date_gmt":"2017-07-07T15:07:38","guid":{"rendered":"https:\/\/www.castroderei.gal\/?page_id=205131"},"modified":"2017-07-07T18:48:59","modified_gmt":"2017-07-07T18:48:59","slug":"memoria-grafica","status":"publish","type":"page","link":"https:\/\/www.castroderei.gal\/es\/memoria-grafica\/","title":{"rendered":"Memoria gr\u00e1fica"},"content":{"rendered":"<p>[et_pb_section bb_built=\u00bb1&#8243; fullwidth=\u00bbon\u00bb specialty=\u00bboff\u00bb][et_pb_fullwidth_code _builder_version=\u00bb3.0.60&#8243; custom_css_main_element=\u00bbwidth: 100%;||height: 100%\u00bb]&lt;embed src=\u00bbhttp:\/\/www.phottic.com\/es\/castro-na-memoria\u00bb width=\u00bb100%\u00bb height=\u00bb100%\u00bb \/&gt;[\/et_pb_fullwidth_code][\/et_pb_section][et_pb_section bb_built=\u00bb1&#8243; fullwidth=\u00bbon\u00bb specialty=\u00bboff\u00bb][et_pb_fullwidth_header _builder_version=\u00bb3.0.60&#8243; title=\u00bbP\u00e1gina creada por la Asociaci\u00f3n Cultural Gaia de Lea\u00bb text_orientation=\u00bbleft\u00bb header_fullscreen=\u00bboff\u00bb header_scroll_down=\u00bboff\u00bb image_orientation=\u00bbcenter\u00bb background_layout=\u00bblight\u00bb content_orientation=\u00bbcenter\u00bb custom_button_one=\u00bboff\u00bb button_one_letter_spacing=\u00bb0&#8243; button_one_icon_placement=\u00bbright\u00bb button_one_letter_spacing_hover=\u00bb0&#8243; custom_button_two=\u00bboff\u00bb button_two_letter_spacing=\u00bb0&#8243; button_two_icon_placement=\u00bbright\u00bb button_two_letter_spacing_hover=\u00bb0&#8243;]<\/p>\n<p>La Asociaci\u00f3n Cultural Gaia de Lea quiere continuar con la labor y\u00a0<strong>recuperar toda la historia del municipio<\/strong>\u00a0a trav\u00e9s de miles de fotograf\u00edas que duermen en cajones.<\/p>\n<p>Esta colecci\u00f3n no solo sirve para recordar sino que permite que las nuevas generaciones conozcan su pasado y puedan tener acceso a la riqueza que les otorgar\u00e1 esta historia. A su vez, esta colecci\u00f3n de fotos, tambi\u00e9n permite\u00a0<strong>ver las transformaciones<\/strong>\u00a0del pueblo.<\/p>\n<p>Las costumbres, tradiciones y el paisaje, todo cambia y se modifica con los a\u00f1os. Pero los responsables de la colecci\u00f3n van m\u00e1s all\u00e1, no solo quieren\u00a0<strong>encontrar fotos<\/strong>\u00a0de personas o lugares, tambi\u00e9n es importante recuperar los documentos hist\u00f3ricos de la villa, reportajes y todo tipo de im\u00e1genes que tengan que ver con la historia de Castro de Rei, en Lugo.<\/p>\n<p>La idea de una colecci\u00f3n de Phottic es\u00a0<strong>recuperar la memoria hist\u00f3rica<\/strong>\u00a0a trav\u00e9s de la fotograf\u00eda y con la digitalizaci\u00f3n de todo este material tambi\u00e9n se evita su desaparici\u00f3n.<\/p>\n<p>[\/et_pb_fullwidth_header][\/et_pb_section]<\/p>\n","protected":false},"excerpt":{"rendered":"<p>La Asociaci\u00f3n Cultural Gaia de Lea quiere continuar con la labor y\u00a0recuperar toda la historia del municipio\u00a0a trav\u00e9s de miles de fotograf\u00edas que duermen en cajones. Esta colecci\u00f3n no solo sirve para recordar sino que permite que las nuevas generaciones conozcan su pasado y puedan tener acceso a la riqueza que les otorgar\u00e1 esta historia. [&hellip;]<\/p>\n","protected":false},"author":2,"featured_media":0,"parent":0,"menu_order":0,"comment_status":"closed","ping_status":"closed","template":"","meta":{"_et_pb_use_builder":"on","_et_pb_old_content":"","_et_gb_content_width":"","footnotes":""},"class_list":["post-205131","page","type-page","status-publish","hentry"],"_links":{"self":[{"href":"https:\/\/www.castroderei.gal\/es\/wp-json\/wp\/v2\/pages\/205131\/"}],"collection":[{"href":"https:\/\/www.castroderei.gal\/es\/wp-json\/wp\/v2\/pages\/"}],"about":[{"href":"https:\/\/www.castroderei.gal\/es\/wp-json\/wp\/v2\/types\/page\/"}],"author":[{"embeddable":true,"href":"https:\/\/www.castroderei.gal\/es\/wp-json\/wp\/v2\/users\/2\/"}],"replies":[{"embeddable":true,"href":"https:\/\/www.castroderei.gal\/es\/wp-json\/wp\/v2\/comments\/?post=205131"}],"version-history":[{"count":6,"href":"https:\/\/www.castroderei.gal\/es\/wp-json\/wp\/v2\/pages\/205131\/revisions\/"}],"predecessor-version":[{"id":205235,"href":"https:\/\/www.castroderei.gal\/es\/wp-json\/wp\/v2\/pages\/205131\/revisions\/205235\/"}],"wp:attachment":[{"href":"https:\/\/www.castroderei.gal\/es\/wp-json\/wp\/v2\/media\/?parent=205131"}],"curies":[{"name":"wp","href":"https:\/\/api.w.org\/{rel}","templated":true}]}}

Memoria gráfica

<p>[et_pb_section bb_built=»1&#8243; fullwidth=»on» specialty=»off»][et_pb_fullwidth_code _builder_version=»3.0.60&#8243; custom_css_main_element=»width: 100%;||height: 100%»]&lt;embed src=»http://www.phottic.com/es/castro-na-memoria» width=»100%» height=»100%» /&gt;[/et_pb_fullwidth_code][/et_pb_section][et_pb_section bb_built=»1&#8243; fullwidth=»on» specialty=»off»][et_pb_fullwidth_header _builder_version=»3.0.60&#8243; title=»Página creada por la Asociación Cultural Gaia de Lea» text_orientation=»left» header_fullscreen=»off» header_scroll_down=»off» image_orientation=»center» background_layout=»light» content_orientation=»center» custom_button_one=»off» button_one_letter_spacing=»0&#8243; button_one_icon_placement=»right» button_one_letter_spacing_hover=»0&#8243; custom_button_two=»off» button_two_letter_spacing=»0&#8243; button_two_icon_placement=»right» button_two_letter_spacing_hover=»0&#8243;]</p>
<p>La Asociación Cultural Gaia de Lea quiere continuar con la labor y <strong>recuperar toda la historia del municipio</strong> a través de miles de fotografías que duermen en cajones.</p>
<p>Esta colección no solo sirve para recordar sino que permite que las nuevas generaciones conozcan su pasado y puedan tener acceso a la riqueza que les otorgará esta historia. A su vez, esta colección de fotos, también permite <strong>ver las transformaciones</strong> del pueblo.</p>
<p>Las costumbres, tradiciones y el paisaje, todo cambia y se modifica con los años. Pero los responsables de la colección van más allá, no solo quieren <strong>encontrar fotos</strong> de personas o lugares, también es importante recuperar los documentos históricos de la villa, reportajes y todo tipo de imágenes que tengan que ver con la historia de Castro de Rei, en Lugo.</p>
<p>La idea de una colección de Phottic es <strong>recuperar la memoria histórica</strong> a través de la fotografía y con la digitalización de todo este material también se evita su desaparición.</p>
<p>[/et_pb_fullwidth_header][/et_pb_section]</p>

<p>La Asociación Cultural Gaia de Lea quiere continuar con la labor y recuperar toda la historia del municipio a través de miles de fotografías que duermen en cajones. Esta colección no solo sirve para recordar sino que permite que las nuevas generaciones conozcan su pasado y puedan tener acceso a la riqueza que les otorgará esta historia. [&hellip;]</p>
