{"id":205033,"date":"2017-07-05T09:12:00","date_gmt":"2017-07-05T09:12:00","guid":{"rendered":"https:\/\/www.castroderei.gal\/?page_id=205033"},"modified":"2017-07-12T07:47:08","modified_gmt":"2017-07-12T07:47:08","slug":"fiesta-de-la-malla","status":"publish","type":"page","link":"https:\/\/www.castroderei.gal\/es\/fiesta-de-la-malla\/","title":{"rendered":"Fiesta de la Malla"},"content":{"rendered":"<p>[et_pb_section fb_built=\u00bb1&#8243; fullwidth=\u00bbon\u00bb _builder_version=\u00bb3.0.60&#8243; background_image=\u00bbhttps:\/\/www.castroderei.gal\/wp-content\/uploads\/2017\/07\/trigo-1.jpg\u00bb][et_pb_fullwidth_image src=\u00bbhttps:\/\/www.castroderei.gal\/wp-content\/uploads\/2017\/07\/trigo-1-2.jpg\u00bb _builder_version=\u00bb3.0.60&#8243;][\/et_pb_fullwidth_image][\/et_pb_section][et_pb_section fb_built=\u00bb1&#8243; background_color=\u00bb#f7f7f7&#8243; inner_shadow=\u00bbon\u00bb fullwidth=\u00bbon\u00bb _builder_version=\u00bb3.0.60&#8243; custom_padding=\u00bb0px|0px|0px|0px\u00bb][et_pb_fullwidth_header title=\u00bbLa malla y la meda todav\u00eda son una referencia en Castro de Rei\u00bb subhead=\u00bbLa Festa da Malla, mantiene el esquema de los h\u00e1bitos de anta\u00f1o.\u00bb text_orientation=\u00bbcenter\u00bb admin_label=\u00bbFullwidth Header\u00bb _builder_version=\u00bb3.0.60&#8243;]<\/p>\n<p>Los tiempos en los que las tareas agr\u00edcolas marcaban el ritmo de la vida en zonas rurales parecen quedar un poco lejos. Sin embargo, ese descenso de la importancia econ\u00f3mica va acompa\u00f1ado de un esfuerzo en la promoci\u00f3n de su difusi\u00f3n social. Recordar aquellas costumbres y recuperarlas como un acontecimiento que une a los vecinos y atrae a los forasteros es lo que lleva haciendo varios a\u00f1os en Castro de Rei un colectivo como Amigos da Feira, uno de los m\u00e1s activos en este municipio chairego.<\/p>\n<p>La Festa da Malla, \u00a0mantiene el esquema de los h\u00e1bitos de anta\u00f1o. Un programa repartido en tres jornadas, mantiene vivo ese esp\u00edritu. El recuerdo de trabajos tradicionales es recordado por el presidente de la asociaci\u00f3n organizadora, Jos\u00e9 Luis Castro, como uno de los principios con los que naci\u00f3 y creci\u00f3 esta fiesta.<\/p>\n<div id=\"ad_Roba2DetalleTEXTO_DETALLE\" class=\"adblock ad_Roba2Detalle nolazy double\" data-url=\"\/2260323\/Roba_2_detalle\" data-mapping=\"ROBA600\" data-sizes=\"[[300,600]]\" data-param=\"\" data-format=\"double\" data-targeting=\"\" data-google-query-id=\"CP_siqvZ99QCFSGhUQodFT0IsA\">\n<div id=\"google_ads_iframe_\/2260323\/Roba_2_detalle_0__container__\">La siega, se realiza en una parcela de Castro de Rei que ocupa aproximadamente unos 4.000 metros cuadrados. De ah\u00ed salen unos 2.000 kilogramos de trigo que pasar\u00e1n \u00a0dos pr\u00f3ximos fines de semana por la meda y por la malla para completar uno de los ciclos m\u00e1s caracter\u00edsticos de las sociedades agrarias hace d\u00e9cadas.<\/div>\n<\/div>\n<p>[\/et_pb_fullwidth_header][\/et_pb_section][et_pb_section fb_built=\u00bb1&#8243; _builder_version=\u00bb3.0.60&#8243;][et_pb_row _builder_version=\u00bb3.0.47&#8243; background_size=\u00bbinitial\u00bb background_position=\u00bbtop_left\u00bb background_repeat=\u00bbrepeat\u00bb][et_pb_column type=\u00bb1_4&#8243; _builder_version=\u00bb3.0.47&#8243; parallax=\u00bboff\u00bb parallax_method=\u00bbon\u00bb][et_pb_image src=\u00bbhttps:\/\/www.castroderei.gal\/wp-content\/uploads\/2017\/07\/751738_gal.jpg\u00bb align=\u00bbcenter\u00bb _builder_version=\u00bb3.0.60&#8243;][\/et_pb_image][\/et_pb_column][et_pb_column type=\u00bb1_4&#8243; _builder_version=\u00bb3.0.47&#8243; parallax=\u00bboff\u00bb parallax_method=\u00bbon\u00bb][et_pb_image src=\u00bbhttps:\/\/www.castroderei.gal\/wp-content\/uploads\/2017\/07\/CNpq7BVWwAAI_mB.jpg\u00bb align=\u00bbcenter\u00bb max_width=\u00bb200px\u00bb _builder_version=\u00bb3.0.60&#8243;][\/et_pb_image][\/et_pb_column][et_pb_column type=\u00bb1_4&#8243; _builder_version=\u00bb3.0.47&#8243; parallax=\u00bboff\u00bb parallax_method=\u00bbon\u00bb][et_pb_image src=\u00bbhttps:\/\/www.castroderei.gal\/wp-content\/uploads\/2017\/07\/4919970170_caf61b7870-1.jpg\u00bb align=\u00bbcenter\u00bb _builder_version=\u00bb3.0.60&#8243;][\/et_pb_image][\/et_pb_column][et_pb_column type=\u00bb1_4&#8243; _builder_version=\u00bb3.0.47&#8243; parallax=\u00bboff\u00bb parallax_method=\u00bbon\u00bb][et_pb_image src=\u00bbhttps:\/\/www.castroderei.gal\/wp-content\/uploads\/2017\/07\/532549.jpg\u00bb align=\u00bbcenter\u00bb _builder_version=\u00bb3.0.60&#8243;][\/et_pb_image][\/et_pb_column][\/et_pb_row][et_pb_row custom_padding=\u00bb27px|0px|0px|0px\u00bb _builder_version=\u00bb3.0.60&#8243;][et_pb_column type=\u00bb4_4&#8243; _builder_version=\u00bb3.0.47&#8243; parallax=\u00bboff\u00bb parallax_method=\u00bbon\u00bb][et_pb_video src=\u00bbhttps:\/\/www.castroderei.gal\/wp-content\/uploads\/2017\/07\/Festa-da-malla-en-Castro-de-Rei.mp4&#8243; _builder_version=\u00bb3.0.60&#8243;][\/et_pb_video][\/et_pb_column][\/et_pb_row][\/et_pb_section]<\/p>\n","protected":false},"excerpt":{"rendered":"<p>Los tiempos en los que las tareas agr\u00edcolas marcaban el ritmo de la vida en zonas rurales parecen quedar un poco lejos. Sin embargo, ese descenso de la importancia econ\u00f3mica va acompa\u00f1ado de un esfuerzo en la promoci\u00f3n de su difusi\u00f3n social. Recordar aquellas costumbres y recuperarlas como un acontecimiento que une a los vecinos [&hellip;]<\/p>\n","protected":false},"author":1,"featured_media":0,"parent":0,"menu_order":0,"comment_status":"closed","ping_status":"closed","template":"","meta":{"_et_pb_use_builder":"on","_et_pb_old_content":"","_et_gb_content_width":"","footnotes":""},"class_list":["post-205033","page","type-page","status-publish","hentry"],"_links":{"self":[{"href":"https:\/\/www.castroderei.gal\/es\/wp-json\/wp\/v2\/pages\/205033\/"}],"collection":[{"href":"https:\/\/www.castroderei.gal\/es\/wp-json\/wp\/v2\/pages\/"}],"about":[{"href":"https:\/\/www.castroderei.gal\/es\/wp-json\/wp\/v2\/types\/page\/"}],"author":[{"embeddable":true,"href":"https:\/\/www.castroderei.gal\/es\/wp-json\/wp\/v2\/users\/1\/"}],"replies":[{"embeddable":true,"href":"https:\/\/www.castroderei.gal\/es\/wp-json\/wp\/v2\/comments\/?post=205033"}],"version-history":[{"count":16,"href":"https:\/\/www.castroderei.gal\/es\/wp-json\/wp\/v2\/pages\/205033\/revisions\/"}],"predecessor-version":[{"id":205526,"href":"https:\/\/www.castroderei.gal\/es\/wp-json\/wp\/v2\/pages\/205033\/revisions\/205526\/"}],"wp:attachment":[{"href":"https:\/\/www.castroderei.gal\/es\/wp-json\/wp\/v2\/media\/?parent=205033"}],"curies":[{"name":"wp","href":"https:\/\/api.w.org\/{rel}","templated":true}]}}

<p>[et_pb_section fb_built=»1&#8243; fullwidth=»on» _builder_version=»3.0.60&#8243; background_image=»https://www.castroderei.gal/wp-content/uploads/2017/07/trigo-1.jpg»][et_pb_fullwidth_image src=»https://www.castroderei.gal/wp-content/uploads/2017/07/trigo-1-2.jpg» _builder_version=»3.0.60&#8243;][/et_pb_fullwidth_image][/et_pb_section][et_pb_section fb_built=»1&#8243; background_color=»#f7f7f7&#8243; inner_shadow=»on» fullwidth=»on» _builder_version=»3.0.60&#8243; custom_padding=»0px|0px|0px|0px»][et_pb_fullwidth_header title=»La malla y la meda todavía son una referencia en Castro de Rei» subhead=»La Festa da Malla, mantiene el esquema de los hábitos de antaño.» text_orientation=»center» admin_label=»Fullwidth Header» _builder_version=»3.0.60&#8243;]</p>
<p>Los tiempos en los que las tareas agrícolas marcaban el ritmo de la vida en zonas rurales parecen quedar un poco lejos. Sin embargo, ese descenso de la importancia económica va acompañado de un esfuerzo en la promoción de su difusión social. Recordar aquellas costumbres y recuperarlas como un acontecimiento que une a los vecinos y atrae a los forasteros es lo que lleva haciendo varios años en Castro de Rei un colectivo como Amigos da Feira, uno de los más activos en este municipio chairego.</p>
<p>La Festa da Malla,  mantiene el esquema de los hábitos de antaño. Un programa repartido en tres jornadas, mantiene vivo ese espíritu. El recuerdo de trabajos tradicionales es recordado por el presidente de la asociación organizadora, José Luis Castro, como uno de los principios con los que nació y creció esta fiesta.</p>
<div id="ad_Roba2DetalleTEXTO_DETALLE" class="adblock ad_Roba2Detalle nolazy double" data-url="/2260323/Roba_2_detalle" data-mapping="ROBA600" data-sizes="[[300,600]]" data-param="" data-format="double" data-targeting="" data-google-query-id="CP_siqvZ99QCFSGhUQodFT0IsA">
<div id="google_ads_iframe_/2260323/Roba_2_detalle_0__container__">La siega, se realiza en una parcela de Castro de Rei que ocupa aproximadamente unos 4.000 metros cuadrados. De ahí salen unos 2.000 kilogramos de trigo que pasarán  dos próximos fines de semana por la meda y por la malla para completar uno de los ciclos más característicos de las sociedades agrarias hace décadas.</div>
</div>
<p>[/et_pb_fullwidth_header][/et_pb_section][et_pb_section fb_built=»1&#8243; _builder_version=»3.0.60&#8243;][et_pb_row _builder_version=»3.0.47&#8243; background_size=»initial» background_position=»top_left» background_repeat=»repeat»][et_pb_column type=»1_4&#8243; _builder_version=»3.0.47&#8243; parallax=»off» parallax_method=»on»][et_pb_image src=»https://www.castroderei.gal/wp-content/uploads/2017/07/751738_gal.jpg» align=»center» _builder_version=»3.0.60&#8243;][/et_pb_image][/et_pb_column][et_pb_column type=»1_4&#8243; _builder_version=»3.0.47&#8243; parallax=»off» parallax_method=»on»][et_pb_image src=»https://www.castroderei.gal/wp-content/uploads/2017/07/CNpq7BVWwAAI_mB.jpg» align=»center» max_width=»200px» _builder_version=»3.0.60&#8243;][/et_pb_image][/et_pb_column][et_pb_column type=»1_4&#8243; _builder_version=»3.0.47&#8243; parallax=»off» parallax_method=»on»][et_pb_image src=»https://www.castroderei.gal/wp-content/uploads/2017/07/4919970170_caf61b7870-1.jpg» align=»center» _builder_version=»3.0.60&#8243;][/et_pb_image][/et_pb_column][et_pb_column type=»1_4&#8243; _builder_version=»3.0.47&#8243; parallax=»off» parallax_method=»on»][et_pb_image src=»https://www.castroderei.gal/wp-content/uploads/2017/07/532549.jpg» align=»center» _builder_version=»3.0.60&#8243;][/et_pb_image][/et_pb_column][/et_pb_row][et_pb_row custom_padding=»27px|0px|0px|0px» _builder_version=»3.0.60&#8243;][et_pb_column type=»4_4&#8243; _builder_version=»3.0.47&#8243; parallax=»off» parallax_method=»on»][et_pb_video src=»https://www.castroderei.gal/wp-content/uploads/2017/07/Festa-da-malla-en-Castro-de-Rei.mp4&#8243; _builder_version=»3.0.60&#8243;][/et_pb_video][/et_pb_column][/et_pb_row][/et_pb_section]</p>

<p>Los tiempos en los que las tareas agrícolas marcaban el ritmo de la vida en zonas rurales parecen quedar un poco lejos. Sin embargo, ese descenso de la importancia económica va acompañado de un esfuerzo en la promoción de su difusión social. Recordar aquellas costumbres y recuperarlas como un acontecimiento que une a los vecinos [&hellip;]</p>
